{"id":2152,"date":"2021-05-08T03:38:23","date_gmt":"2021-05-08T03:38:23","guid":{"rendered":"http:\/\/stayling-pro.com\/1\/?page_id=2152"},"modified":"2025-07-31T15:21:41","modified_gmt":"2025-07-31T15:21:41","slug":"contact-01","status":"publish","type":"page","link":"https:\/\/staylingpro.com\/?page_id=2152","title":{"rendered":"Contacto"},"content":{"rendered":"<p>[vc_row el_class=&#8221;vc-col-no-pt&#8221;][vc_column width=&#8221;2\/3&#8243;][g5element_space spacing=&#8221;70&#8243; spacing_md=&#8221;53&#8243;][g5element_heading title=&#8221;D\u00e9janos Aqu\u00ed tu Mensaje&#8221; description=&#8221;Estar\u00e9mos encantados de leerlo y responderte lo m\u00e1s pronto posible.&#8221; switch_line_field=&#8221;on&#8221; title_typography=&#8221;%7B%22font_family%22%3A%22%22%2C%22font_weight%22%3A%22%22%2C%22font_style%22%3A%22%22%2C%22font_size_lg%22%3A%2224%22%2C%22font_size_md%22%3A%22%22%2C%22font_size_sm%22%3A%22%22%2C%22font_size_xs%22%3A%22%22%2C%22align%22%3A%22%22%2C%22text_transform%22%3A%22%22%2C%22line_height%22%3A%22%22%2C%22letter_spacing%22%3A%22%22%2C%22color%22%3A%22%22%2C%22hover_color%22%3A%22%22%7D&#8221; el_class=&#8221;custom-heading-01&#8243;][g5element_space spacing=&#8221;43&#8243; spacing_md=&#8221;33&#8243;]<div role=\"form\" class=\"wpcf7\" id=\"wpcf7-f168-o1\" lang=\"en-US\" dir=\"ltr\">\n<div class=\"screen-reader-response\"><p role=\"status\" aria-live=\"polite\" aria-atomic=\"true\"><\/p> <ul><\/ul><\/div>\n<form action=\"\/index.php?rest_route=%2Fwp%2Fv2%2Fpages%2F2152#wpcf7-f168-o1\" method=\"post\" class=\"wpcf7-form init\" novalidate=\"novalidate\" data-status=\"init\">\n<div style=\"display: none;\">\n<input type=\"hidden\" name=\"_wpcf7\" value=\"168\" \/>\n<input type=\"hidden\" name=\"_wpcf7_version\" value=\"5.4.2\" \/>\n<input type=\"hidden\" name=\"_wpcf7_locale\" value=\"en_US\" \/>\n<input type=\"hidden\" name=\"_wpcf7_unit_tag\" value=\"wpcf7-f168-o1\" \/>\n<input type=\"hidden\" name=\"_wpcf7_container_post\" value=\"0\" \/>\n<input type=\"hidden\" name=\"_wpcf7_posted_data_hash\" value=\"\" \/>\n<\/div>\n<div class=\"furnitor-contact-form row\">\n<div class=\"item-contact name col-md-6 col-12\">\n<span class=\"wpcf7-form-control-wrap firt-name\"><input type=\"text\" name=\"firt-name\" value=\"\" size=\"40\" class=\"wpcf7-form-control wpcf7-text wpcf7-validates-as-required\" aria-required=\"true\" aria-invalid=\"false\" placeholder=\"Nombre*\" \/><\/span>\n<\/div>\n<div class=\"item-contact email col-md-6 col-12\">\n<span class=\"wpcf7-form-control-wrap last-name\"><input type=\"email\" name=\"last-name\" value=\"\" size=\"40\" class=\"wpcf7-form-control wpcf7-text wpcf7-email wpcf7-validates-as-required wpcf7-validates-as-email\" aria-required=\"true\" aria-invalid=\"false\" placeholder=\"Apellido*\" \/><\/span>\n<\/div>\n<div class=\"item-contact name col-md-6 col-12\">\n<span class=\"wpcf7-form-control-wrap email\"><input type=\"email\" name=\"email\" value=\"\" size=\"40\" class=\"wpcf7-form-control wpcf7-text wpcf7-email wpcf7-validates-as-required wpcf7-validates-as-email\" aria-required=\"true\" aria-invalid=\"false\" placeholder=\"Email*\" \/><\/span>\n<\/div>\n<div class=\"item-contact email col-md-6 col-12\">\n<span class=\"wpcf7-form-control-wrap your-phone\"><input type=\"text\" name=\"your-phone\" value=\"\" size=\"40\" class=\"wpcf7-form-control wpcf7-text wpcf7-validates-as-required\" aria-required=\"true\" aria-invalid=\"false\" placeholder=\"Tel\u00e9fono*\" \/><\/span>\n<\/div>\n<div class=\"item-contact comment col-12\">\n<span class=\"wpcf7-form-control-wrap messenger\"><textarea name=\"messenger\" cols=\"40\" rows=\"10\" class=\"wpcf7-form-control wpcf7-textarea wpcf7-validates-as-required\" aria-required=\"true\" aria-invalid=\"false\" placeholder=\"Mensaje\"><\/textarea><\/span>\n<\/div>\n<div class=\"item-contact submit col-12\">\n<input type=\"submit\" value=\"ENVIAR\" class=\"wpcf7-form-control wpcf7-submit\" \/>\n<\/div>\n<\/div>\n<div class=\"wpcf7-response-output\" aria-hidden=\"true\"><\/div><\/form><\/div>[g5element_space spacing=&#8221;110&#8243; spacing_md=&#8221;80&#8243; spacing_sm=&#8221;0&#8243;][\/vc_column][vc_column width=&#8221;1\/3&#8243; offset=&#8221;vc_col-lg-offset-1 vc_col-lg-3&#8243;][g5element_space spacing=&#8221;73&#8243; spacing_md=&#8221;53&#8243; spacing_sm=&#8221;60&#8243;][vc_column_text]<\/p>\n<h5 style=\"margin-bottom: 17px;\">Cont\u00e1ctenos<\/h5>\n<p><strong>Tel\u00e9fono<\/strong>: 602 266 1218 &#8211; 313 543 1961<br \/>\n<strong>Correo<\/strong>: servicioalcliente@staylingpro.com<\/p>\n<div id=\"gtx-trans\" style=\"position: absolute; left: 312px; top: 146px;\">\n<div class=\"gtx-trans-icon\"><\/div>\n<\/div>\n<p>[\/vc_column_text][g5element_space spacing=&#8221;110&#8243; spacing_md=&#8221;80&#8243; spacing_sm=&#8221;40&#8243;][\/vc_column][\/vc_row]<\/p>\n","protected":false},"excerpt":{"rendered":"<p>[vc_row el_class=&#8221;vc-col-no-pt&#8221;][vc_column width=&#8221;2\/3&#8243;][g5element_space spacing=&#8221;70&#8243; spacing_md=&#8221;53&#8243;][g5element_heading title=&#8221;D\u00e9janos Aqu\u00ed tu Mensaje&#8221; description=&#8221;Estar\u00e9mos encantados de leerlo y responderte lo m\u00e1s pronto posible.&#8221; switch_line_field=&#8221;on&#8221; title_typography=&#8221;%7B%22font_family%22%3A%22%22%2C%22font_weight%22%3A%22%22%2C%22font_style%22%3A%22%22%2C%22font_size_lg%22%3A%2224%22%2C%22font_size_md%22%3A%22%22%2C%22font_size_sm%22%3A%22%22%2C%22font_size_xs%22%3A%22%22%2C%22align%22%3A%22%22%2C%22text_transform%22%3A%22%22%2C%22line_height%22%3A%22%22%2C%22letter_spacing%22%3A%22%22%2C%22color%22%3A%22%22%2C%22hover_color%22%3A%22%22%7D&#8221; el_class=&#8221;custom-heading-01&#8243;][g5element_space spacing=&#8221;43&#8243; spacing_md=&#8221;33&#8243;][g5element_space spacing=&#8221;110&#8243; spacing_md=&#8221;80&#8243; spacing_sm=&#8221;0&#8243;][\/vc_column][vc_column width=&#8221;1\/3&#8243; offset=&#8221;vc_col-lg-offset-1 vc_col-lg-3&#8243;][g5element_space spacing=&#8221;73&#8243; spacing_md=&#8221;53&#8243; spacing_sm=&#8221;60&#8243;][vc_column_text] Cont\u00e1ctenos Tel\u00e9fono: 602 266 1218 &#8211; 313 543 1961 Correo: servicioalcliente@staylingpro.com [\/vc_column_text][g5element_space spacing=&#8221;110&#8243; spacing_md=&#8221;80&#8243; spacing_sm=&#8221;40&#8243;][\/vc_column][\/vc_row]<\/p>\n","protected":false},"author":1,"featured_media":0,"parent":0,"menu_order":0,"comment_status":"closed","ping_status":"closed","template":"","meta":{"footnotes":""},"class_list":["post-2152","page","type-page","status-publish","hentry"],"_links":{"self":[{"href":"https:\/\/staylingpro.com\/index.php?rest_route=\/wp\/v2\/pages\/2152","targetHints":{"allow":["GET"]}}],"collection":[{"href":"https:\/\/staylingpro.com\/index.php?rest_route=\/wp\/v2\/pages"}],"about":[{"href":"https:\/\/staylingpro.com\/index.php?rest_route=\/wp\/v2\/types\/page"}],"author":[{"embeddable":true,"href":"https:\/\/staylingpro.com\/index.php?rest_route=\/wp\/v2\/users\/1"}],"replies":[{"embeddable":true,"href":"https:\/\/staylingpro.com\/index.php?rest_route=%2Fwp%2Fv2%2Fcomments&post=2152"}],"version-history":[{"count":19,"href":"https:\/\/staylingpro.com\/index.php?rest_route=\/wp\/v2\/pages\/2152\/revisions"}],"predecessor-version":[{"id":12180,"href":"https:\/\/staylingpro.com\/index.php?rest_route=\/wp\/v2\/pages\/2152\/revisions\/12180"}],"wp:attachment":[{"href":"https:\/\/staylingpro.com\/index.php?rest_route=%2Fwp%2Fv2%2Fmedia&parent=2152"}],"curies":[{"name":"wp","href":"https:\/\/api.w.org\/{rel}","templated":true}]}}